b - x = -1411. Calculate the highest common factor of b and o.
4
Let o = -1132 + 1314. What is the highest common divisor of o and 84?
14
Let i be (-10)/(5/((-210)/4)). Let x(m) = 96*m**3 + m**2 - 1. Let n be x(1). Let w = -81 + n. What is the highest common divisor of i and w?
15
Let f(d) = -26*d**3 + d**2 - 7*d - 30. Let g be f(-3). Calculate the greatest common factor of g and 130.
26
Suppose -f = -4*s - 10 + 5, 2*f - 10 = -s. Suppose s = 22*g - 10078 + 222. What is the greatest common factor of 42 and g?
14
Suppose -2*g + 8 = -4*g - 3*b, -5*b - 16 = 2*g. Suppose 0*c = -g*c, -3*c - 152 = -2*p. What is the highest common divisor of p and 114?
38
Let i be 936/24*76/6. What is the greatest common factor of 114 and i?
38
Suppose -295 = -z + 2*q, -2*z + 5*q + 9 = -583. Calculate the greatest common divisor of z and 97.
97
Suppose -60*l + 15 = -55*l. Suppose 3*u - 3 - l = 0. Let r = -45 + 46. Calculate the greatest common factor of u and r.
1
Suppose -134*r = -132*r - 56. Suppose -26*b = -r*b + 16. Calculate the highest common factor of b and 472.
8
Let k(g) = -2*g**3 - 3*g**2 - g + 6. Let y be k(-4). Suppose 4*o - 291 = -d, -2*o - 118 = 5*d - 277. Calculate the highest common divisor of o and y.
18
Suppose -2*a + 0*a - 42 = 0. Let q(o) = 12*o**2 - 5*o - 3. Let m be q(-2). Let f = a + m. What is the greatest common divisor of 34 and f?
34
Let r(h) = 25*h**2 - 82*h - 27. Let g be r(4). What is the highest common divisor of 3015 and g?
45
Let x = 8931 - 8711. What is the greatest common factor of 5500 and x?
220
Let u be ((-8)/(-6))/((-6)/63). Let m(n) be the first derivative of -3*n**2 - 10*n + 1. Let d be m(u). Calculate the greatest common factor of d and 37.
37
Let b(c) = -c**3 + 24*c**2 - 70*c - 88. Let p be b(19). What is the greatest common divisor of p and 3354?
129
Suppose -206 = 47*q - 49*q. Let j = q - 81. What is the greatest common factor of j and 88?
22
Suppose 48 - 18 = 4*k - 2*t, -5*k + 35 = -2*t. Let d be -4 - (-9 - 0/1). Let q(p) = 2*p - 9. Let o be q(d). What is the greatest common factor of k and o?
1
Let w be 120/(-540) - 2/(-9). Suppose r + 3*y - 30 = 0, w = r + 3*r - 5*y - 154. Calculate the highest common divisor of 9 and r.
9
Let m be (28/(-21))/((-6)/9) - 0. Suppose 0 = -4*z + 3*b + 35, -2*b + 30 = m*z - 6*b. What is the highest common divisor of z and 10?
5
Suppose -75*w + 37*w = -608. Suppose -49 = w*y - 2337. Calculate the highest common divisor of 11 and y.
11
Let i be 30/(-55) + 569330/187. What is the greatest common divisor of i and 16?
4
Let p be -328 + 1 - (-9)/(-3). Let l be ((-1)/(-2))/(5/p). Let a = -18 - l. What is the highest common divisor of 60 and a?
15
Let h = 3363 - 2719. What is the greatest common factor of h and 140?
28
Let b be -2*(-3)/(-4) - (-5 + (-48671)/14). Calculate the greatest common factor of b and 30.
30
Let w(z) = -z**3 - 2*z**2 + 5*z - 2. Let m be w(-6). Suppose 3*g + 69*j - 68*j = 49, 0 = -4*g + 3*j + 61. Calculate the greatest common factor of g and m.
16
Let u(s) = -3 + 11 + 3*s + 36 - 1. Let p be u(3). What is the greatest common factor of 130 and p?
26
Suppose 745*q - 35840 = 185*q. What is the greatest common divisor of q and 3888?
16
Let b = -14101 - -14121. Calculate the greatest common factor of b and 220.
20
Let q(x) = -x**3 - 5*x**2 + 4. Let o be q(-5). Suppose 4*z + 101 = p, -z + 3*p = 13 + o. Let m = 34 + z. Calculate the greatest common factor of 64 and m.
8
Let q be 1/((24/64)/3). Suppose 4*g + q = 0, -3*g + 4*g = 5*x - 2212. What is the greatest common factor of 34 and x?
34
Let f = -154 - -319. Suppose -15 = -3*i - 5*d + 5, 240 = 15*i - 3*d. What is the highest common factor of i and f?
15
Suppose 85*b - 20562 = 16*b. What is the highest common divisor of 2 and b?
2
Suppose -114*b = -91*b - 19182. Suppose 4*t = -p + 1666, p + b = 2*t + 2*p. What is the highest common divisor of t and 64?
32
Let l be 5*768/(-8 - -16). What is the highest common factor of l and 432?
48
Suppose -2*x - r + 4959 = 0, -5*x - 3*r - 1412 + 13809 = 0. Suppose -41*o + 46*o = x. Calculate the highest common divisor of 32 and o.
16
Let q be (-826)/(-56) + 2/8. Calculate the greatest common factor of 915 and q.
15
Let o = -307 + 326. Suppose -8*y + o*y - 6292 = 0. What is the greatest common factor of 104 and y?
52
Let j be (-94)/(-57*(-4)/2184 - (-5)/(-35)). What is the greatest common factor of j and 78?
26
Let k(g) = -g**3 + 24*g**2 - 40*g + 27. Suppose -26 = -9*w + 163. Let r be k(w). Calculate the highest common factor of r and 90.
30
Suppose -v - 3 = -209. Suppose -j + 211 = -4*p + 2*p, 3*p = j - v. What is the greatest common factor of 17 and j?
17
Suppose 5*j - 19*h + 17*h - 979 = 0, 2*h + 4 = 0. What is the greatest common divisor of 120 and j?
15
Suppose 59980 = 40*k - 79940. What is the greatest common factor of 212 and k?
106
Let f = 17 - 13. Suppose o + 0*a - f*a - 20 = 0, -5*o + 64 = -2*a. What is the highest common divisor of o and 52?
4
Let c(w) = w**3 + 10*w**2 + 8*w - 2. Let g be c(-9). Let i = g - -1. Let b = i - 1. What is the greatest common factor of b and 49?
7
Suppose 2613 = 5*s - 3*o, 82*o - 85*o - 2091 = -4*s. Calculate the highest common factor of 108 and s.
18
Let g = -3021 - -3803. Calculate the highest common divisor of 374 and g.
34
Suppose -z = -6*z. Suppose 4*u - u - 132 = z. Suppose -30 = u*t - 47*t. What is the greatest common divisor of t and 25?
5
Let y(d) = -833*d + 342. Let t be y(-4). What is the greatest common factor of t and 22?
22
Let w(g) = -3*g**3 + 84*g**2 + 69*g - 5. Let u be w(28). Calculate the greatest common factor of u and 123.
41
Let q(m) = m**2 + 3*m - 1. Let f = -36 + 33. Let h be q(f). Let c be (10/(-15))/(h*(-1)/(-27)). Calculate the greatest common divisor of c and 126.
18
Let o(b) = -2*b**2 + 178*b + 196. Let x be o(30). What is the greatest common factor of x and 8?
8
Suppose -m + 4*s = 3*m - 60, 45 = 4*m - s. Let h be (-46)/(-161)*(-49210)/(-76). Calculate the highest common divisor of h and m.
5
Suppose -2*l = -l - h + 2, 3*l + 5*h - 2 = 0. Let n = l - -22. Suppose -2*x = -33*x + 651. Calculate the highest common divisor of n and x.
21
Let h(a) = -8*a - 2. Let x be h(-1). Suppose -x*g + 7728 = 18*g. What is the highest common divisor of 23 and g?
23
Suppose 0 = 4*k - 3*z - 149, -15*k - 3*z - 44 = -16*k. What is the greatest common factor of k and 1841?
7
Let k = 8292 - 8278. Calculate the greatest common divisor of 686 and k.
14
Let k = -360 + 371. Suppose -2*x - 3*g = -4, 3*x - 1 = -2*g - 0*g. Let y be (x - 27/6)*(-9 - 1). Calculate the greatest common divisor of k and y.
11
Suppose 39 = -13*x + 65. Suppose 25 = x*k - 11. Calculate the greatest common divisor of k and 144.
18
Suppose -35*r + 30*r - 5*n = -120, 10*n = 3*r - 20. Let f be 59/2 + (-1)/(-2). Calculate the greatest common divisor of r and f.
10
Let v(q) = q**3 - 28*q**2 - 30*q + 33. Let h be v(29). Suppose 0 = 3*u, 0 = -h*y - y + u + 585. What is the highest common divisor of y and 78?
39
Suppose 10 = -2*n, -5*s + 3 = 5*n - 32. Suppose -14*g = -s*g - 16. Let k(z) = -z**2 + 7*z + 10. Let m be k(5). What is the greatest common factor of g and m?
4
Suppose -3*z - 28 + 52 = 0. Let y(l) = l**3 + 10*l**2 + 10*l + 11. Let j be y(-9). Suppose j*n + 7 = 87. What is the highest common divisor of n and z?
8
Let b(s) = -43*s - 2357. Let c be b(-55). Let g(x) = x + 136. Let m be g(0). Calculate the greatest common divisor of c and m.
8
Suppose 2*c - 2 = 4*c. Let q = 10 + c. Suppose 9330*d + 31 = 9361*d. What is the highest common divisor of d and q?
1
Let l(d) = 6*d**2 - 10*d - 4. Suppose 5*y = -9*v + 6*v - 9, 3*v = 4*y + 18. Let p be l(y). What is the greatest common divisor of 20 and p?
20
Suppose 791 = -65*y + 1701. What is the highest common divisor of y and 427?
7
Suppose 8 = v + g, -12 = -v - 4*g + 8. Suppose 9*h = v*h + 160. What is the greatest common factor of 48 and h?
16
Let v(n) = -9*n**3 + 3*n**2 + 39*n + 22. Let t be v(-4). What is the greatest common divisor of t and 150?
10
Suppose 295 = -6*r + 325. Suppose -5*p = -3*v + 789, p + 1020 = 4*v + r*p. What is the highest common factor of v and 6?
6
Let d = 178 - 66. Let h = d - 42. Let c be (1/2)/(7/h). Calculate the highest common factor of 10 and c.
5
Suppose 0 = h - 10 + 8. Suppose -h*n = 2*i - 28, -3*i = -i - 5*n - 42. 